culate the greatest common divisor of 531552 and 17515.
113
What is the greatest common factor of 41756 and 196735?
803
What is the highest common factor of 893 and 187620193?
893
Calculate the greatest common factor of 1566000 and 957.
87
Calculate the highest common divisor of 5394600 and 117400.
200
Calculate the greatest common factor of 17402497 and 35.
7
Calculate the highest common factor of 2119285395 and 1395.
1395
Calculate the highest common divisor of 752 and 2170539712.
752
What is the greatest common divisor of 1316 and 678804?
28
Calculate the greatest common factor of 20542152 and 204.
12
Calculate the highest common divisor of 8 and 12919895.
1
What is the highest common divisor of 47063 and 49761?
19
What is the highest common divisor of 1115835 and 105?
105
Calculate the greatest common divisor of 164543971 and 9709.
1387
What is the highest common factor of 6532 and 3026872?
284
What is the greatest common factor of 50816575 and 25?
25
What is the greatest common factor of 4508 and 221959269?
1127
Calculate the greatest common factor of 712703 and 35875.
41
Calculate the greatest common factor of 9780 and 1167.
3
What is the highest common divisor of 602425 and 1150?
25
What is the greatest common factor of 2810185 and 179690?
595
Calculate the highest common divisor of 98733 and 288.
3
What is the highest common factor of 81993 and 566703?
453
What is the highest common divisor of 33619600 and 8?
8
Calculate the greatest common factor of 29751 and 6402528.
141
What is the greatest common divisor of 6150 and 4516350?
150
What is the highest common divisor of 108073328 and 1210?
242
What is the greatest common factor of 997305 and 1615935?
255
What is the highest common divisor of 4384416 and 3552?
96
Calculate the highest common factor of 4104614 and 7264.
454
Calculate the highest common divisor of 1189964433 and 1559.
1559
Calculate the highest common divisor of 368515708 and 42476.
6068
Calculate the highest common factor of 50020 and 213610.
410
Calculate the greatest common divisor of 59832 and 57254238.
4986
What is the greatest common factor of 1471395 and 1165?
1165
What is the greatest common factor of 8905662 and 162?
18
Calculate the highest common factor of 3414621 and 84.
21
Calculate the highest common divisor of 4518008 and 11000.
88
Calculate the greatest common factor of 456 and 83495652.
228
What is the greatest common factor of 337610396 and 284?
284
What is the greatest common factor of 65455 and 35?
5
Calculate the highest common factor of 33656975 and 275.
275
What is the greatest common divisor of 67315455 and 585?
45
What is the highest common factor of 29268954 and 286?
286
What is the highest common divisor of 44499 and 217581?
273
Calculate the highest common factor of 22329738 and 408.
102
What is the highest common factor of 68688 and 8181?
81
What is the highest common divisor of 518346880 and 640?
640
What is the highest common factor of 785 and 1347908585?
785
What is the greatest common divisor of 17605685 and 190?
95
Calculate the greatest common factor of 11246456 and 632.
8
What is the highest common factor of 67518310 and 70?
10
Calculate the greatest common factor of 9915 and 1756410.
15
Calculate the greatest common divisor of 111369180 and 150.
30
Calculate the highest common factor of 940433424 and 456.
456
What is the highest common factor of 170 and 811145?
5
What is the highest common divisor of 169195 and 6175?
1235
Calculate the greatest common divisor of 655 and 3110.
5
What is the greatest common factor of 31302 and 16855794?
666
What is the greatest common divisor of 53873205 and 15?
15
What is the highest common divisor of 14814 and 8802?
18
What is the highest common factor of 56502120 and 240?
120
What is the greatest common factor of 334696 and 584?
8
What is the highest common divisor of 39306040 and 28?
4
What is the greatest common factor of 98026024 and 888?
296
Calculate the highest common divisor of 32841690 and 123690.
3990
Calculate the greatest common factor of 11333 and 773437.
7
What is the greatest common factor of 492290 and 4655?
95
Calculate the highest common factor of 8706 and 60503798.
2902
What is the greatest common divisor of 8134784 and 3626?
98
What is the highest common divisor of 8848753 and 219049?
4133
Calculate the highest common factor of 140 and 13680408.
28
What is the greatest common divisor of 131284 and 538016?
92
What is the highest common factor of 874635 and 105?
15
Calculate the greatest common divisor of 51110 and 29830.
190
What is the highest common factor of 31779295 and 8965?
815
Calculate the highest common divisor of 336478 and 2886.
74
Calculate the greatest common factor of 171 and 210121.
19
Calculate the highest common factor of 46990368 and 3456.
864
Calculate the highest common divisor of 400 and 68765776.
16
What is the greatest common factor of 513231 and 12?
3
What is the highest common factor of 78517742 and 688?
86
What is the highest common divisor of 24212179 and 166?
83
What is the greatest common divisor of 783326 and 82790?
34
What is the highest common factor of 825 and 34037375?
25
What is the highest common divisor of 7192 and 414584?
232
Calculate the highest common divisor of 464 and 40131041.
29
Calculate the highest common divisor of 50383466 and 3430.
98
Calculate the greatest common divisor of 23 and 102483883.
23
Calculate the greatest common factor of 123440 and 34.
2
What is the greatest common divisor of 341 and 2679941?
11
What is the greatest common divisor of 844 and 152916?
4
Calculate the highest common divisor of 48414 and 320.
2
What is the highest common divisor of 417 and 1707639881?
139
What is the greatest common divisor of 38129373 and 7256?
907
Calculate the highest common divisor of 181 and 120305089.
181
Calculate the highest common factor of 89856 and 130884.
156
What is the greatest common divisor of 2242178 and 2254?
46
Calculate the greatest common factor of 8968 and 1297528.
472
What is the greatest common factor of 101 and 235114567?
101
What is the greatest common factor of 16724186 and 5050?
202
What is the greatest common divisor of 1190380 and 78440?
1060
Calculate the greatest common divisor of 2832 and 61556883.
177
What is the highest common factor of 343257880 and 105?
35
Calculate the highest common factor of 189 and 8971047.
27
Calculate the greatest common factor of 5 and 35077290.
5
What is the greatest common factor of 1 and 680143?
1
What is the greatest common divisor of 150884817 and 4999?
4999
Calculate the greatest common divisor of 10088 and 82159.
97
Calculate the highest common factor of 695 and 749519970.
695
What is the greatest common factor of 23010 and 9390?
30
What is the greatest common factor of 6022432 and 463450?
806
What is the highest common factor of 719694196 and 104?
52
What is the highest common divisor of 792525 and 6675?
75
Calculate the greatest common factor of 48 and 41484112.
16
Calculate the highest common divisor of 6040069 and 7924.
1981
Calculate the highest common factor of 17832 and 1631256.
24
What is the highest common divisor of 80756 and 29750821?
1553
What is the greatest common factor of 170260920 and 540?
540
What is the greatest common divisor of 30 and 6229010?
10
Calculate the greatest common factor of 1672 and 7999057.
209
What is the greatest common factor of 5163112 and 19947?
109
What is the greatest common divisor of 1189129128 and 12?
12
What is the highest common divisor of 117791 and 53?
1
What is the greatest common divisor of 1815 and 410205?
15
What is the highest common factor of 2757667 and 1457?
31
Calculate the highest common factor of 1215961 and 117457.
73
Calculate the greatest common factor of 101532 and 11880.
12
What is the highest common factor of 36940 and 50780?
20
Calculate the greatest common divisor of 253726 and 6842.
22
Calculate the greatest common factor of 5 and 131328905.
5
Calculate the greatest common divisor of 157680 and 441990.
270
Calculate the greatest common factor of 259121 and 207.
1
What is the greatest common factor of 158464658 and 257?
257
Calculate the highest common divisor of 755 and 550415.
5
What is the greatest common factor of 166702927 and 1328?
83
Calculate the